= 6*c + 2. List the prime factors of n(q).
2, 5
Let q = 54 - 17. What are the prime factors of q?
37
Let f(v) = -v + 0*v**2 + 0*v - 4 - v**2. Let z be f(0). Let m = 6 + z. What are the prime factors of m?
2
Let g(w) = -w**3 + 2*w**2 + 3*w - 1. Let t be g(3). Let o be (-1*4)/(t/(-4)). Let v = -10 - o. List the prime factors of v.
2, 3
Let d(s) = -3*s. What are the prime factors of d(-2)?
2, 3
Suppose d = -1, 0*d = 2*q - d - 23. Suppose -90 = 6*j - q*j. List the prime factors of j.
2, 3
Let h = 45 - 4. List the prime factors of h.
41
Let g(t) = t**2 + 10*t - 44. List the prime factors of g(10).
2, 3, 13
Let x be ((-7)/(-2))/((-7)/70). List the prime factors of (-7)/x - 14/(-5).
3
Let k(d) = 2*d**2 - d - 7. Let m be k(6). What are the prime factors of m/3 + 10/(-15)?
19
Let t be 68/3 - 2/(-6). Let f = t - 14. What are the prime factors of f?
3
Suppose 3*f = f + 8. List the prime factors of (-156)/(-9) + f/6.
2, 3
Let t(b) = -b**2 + 5*b - 9. Let a be t(6). Let d = a - -57. List the prime factors of d.
2, 3, 7
Let n = -10 - -12. Suppose -37 = -n*c - 13. List the prime factors of c.
2, 3
Let d = -5 - -7. Suppose -t + 268 = 5*m + 2*t, 120 = 2*m - d*t. What are the prime factors of m?
2, 7
Let m = -9 - -10. Let x = m + 4. List the prime factors of x.
5
Let t = -6 + 14. Let o(u) = -u**3 + 7*u**2 + 6*u + 11. Let h be o(t). Let j = 2 - h. List the prime factors of j.
7
Let f = 204 + -44. List the prime factors of f.
2, 5
Let o(s) be the third derivative of -5*s**4/8 - s**3 - s**2. List the prime factors of o(-3).
3, 13
Suppose -182 = -5*w + 168. Let g be (-1)/(-3) - w/3. Let u = -16 - g. What are the prime factors of u?
7
Suppose 41 = 2*g + q - 6, -95 = -5*g + 2*q. Let v = g + -1. List the prime factors of v.
2, 5
Suppose -4*w + 120 = -8*g + 3*g, -4*g + 30 = w. What are the prime factors of (-4)/w - (-951)/45?
3, 7
Let s(c) = 9*c**3 + 5*c - 3 - c - 6*c + c**2 + 4. What are the prime factors of s(1)?
3
Let r be 15/(-20) + 310/8. Let c(q) = q**3 - q - 2. Let t be c(2). Suppose -3*b = 4*w - r, t*b + 0*b - 24 = -2*w. What are the prime factors of w?
2
Let l = -4 - 3. Let r = l - -22. What are the prime factors of r?
3, 5
List the prime factors of 4/(-10) - (3 + 3968/(-20)).
3, 5, 13
Let c(k) = k - 7. Let r be c(5). What are the prime factors of (7 - r) + 2 - 0?
11
Let v be 6*(-7)/((-42)/4). Suppose -8*c + 3*c = 0, -v*m = -2*c - 88. What are the prime factors of m?
2, 11
Let m be -3 + (-20)/(-4) - 10. Let t(b) = b**2 + 8*b + 12. What are the prime factors of t(m)?
2, 3
Let i(f) = f**2 + 6*f + 3. Let u be i(-6). Suppose -u*c + 5*r + 35 = -0*r, 5*c - 33 = 2*r. Suppose -c*p = -p - 24. What are the prime factors of p?
2, 3
Let m = -41 + 92. List the prime factors of m.
3, 17
Suppose -4*w + 46 = -2*w. List the prime factors of w.
23
List the prime factors of (-38 + 0 - 0)/((-18)/27).
3, 19
Let t(s) = -29*s + 4. Let g(m) = 1. Let n(u) = -5*g(u) + t(u). Let b be n(-1). Suppose -3*c + 0*i = -2*i - 20, 2*i = 4*c - b. List the prime factors of c.
2
Let t = 3 + 9. List the prime factors of t.
2, 3
Let v(h) = -h**2 + 5*h + 3. Suppose 0 = u - 2 + 1. Let r(b) = 5*b**2 - 1. Let o be r(u). List the prime factors of v(o).
7
Let u be 6 - 0 - 1/1. Suppose -2*y + u*q + 15 = -y, -2*y - 2*q = -6. What are the prime factors of -1*(-48)/15*y?
2
Let u = -3 + 9. Let d(t) = 7*t**2 - 5*t + 4*t**3 - 3*t**3 - 2*t**3. List the prime factors of d(u).
2, 3
Suppose 3*w + 4*s + 11 = 0, -8*w + 3*w + 5 = 2*s. List the prime factors of 2/w + 100/12.
3
Let s(x) = 6*x + 12*x + 7*x + 2*x. What are the prime factors of s(1)?
3
Let z = 17 + 83. What are the prime factors of z?
2, 5
What are the prime factors of (-8)/20 + (-117)/(-5)?
23
Suppose -3*j = i + i + 15, 20 = 3*i - 4*j. Suppose i = 3*v - 3 - 3. Let q = v + 10. What are the prime factors of q?
2, 3
List the prime factors of (22/44)/((-1)/(-110)).
5, 11
Suppose 5*n - 205 = 5*b, -4*n - 2*b + 159 = -b. What are the prime factors of (16/n)/((-1)/(-30))?
2, 3
Let c(s) = -s**2 + 12*s + 9. List the prime factors of c(7).
2, 11
Let q be (-18)/(-4)*(-8)/(-12). Let m = q - -1. Suppose -2*b - t = 2*b - 38, -m*b + 3*t = -46. What are the prime factors of b?
2, 5
List the prime factors of 9/(-12) - 91/(-4).
2, 11
Suppose 13 - 1 = 4*o. Suppose -k + 4 + o = 0. List the prime factors of k.
7
Let q = -5 + 6. Let w(z) = 30*z**2 - 2*z + 1. What are the prime factors of w(q)?
29
Suppose -179 = -7*t + 2*t - 4*g, 2*t - 62 = -4*g. List the prime factors of t.
3, 13
Let v be (5 - 0)*(-18)/(-3). Suppose 3*s - 3*y = v, -4*s + s + 5*y = -28. What are the prime factors of s?
11
List the prime factors of 1/5 - (-259)/5.
2, 13
Let b = 4 + 1. Suppose b*t + 0*t = 20. Suppose -5 = -d + t. List the prime factors of d.
3
Let n = -69 + 134. List the prime factors of n.
5, 13
Suppose 3*q - d = 235, 5*d - 2*d = 4*q - 305. Suppose 7*l - q = 3*l. What are the prime factors of l?
2, 5
Suppose -47 = -3*n + 4*k - 3*k, 0 = 2*n - 4*k - 38. Let w = n - 8. Suppose 2*f = 4*d + 40, w = 5*d + 27. What are the prime factors of f?
2, 3
What are the prime factors of 5*(15 + 3)/3?
2, 3, 5
Let r(i) = i**2 - 4*i. Let q be r(5). Let f(s) = 7*s - 8. Let o(g) = 6*g - 8. Let x(k) = q*f(k) - 6*o(k). List the prime factors of x(6).
2
Let i(t) = t - 10. Let n be i(7). Let z = -3 - n. Suppose 2*p - 12 = -z*p. List the prime factors of p.
2, 3
Let p(z) = z**3 - 6*z**2 + 6*z - 2. Let g be p(5). Suppose f + 9 = 10. Suppose -4*a = -2*l + 12, -a - g = -f. What are the prime factors of l?
2
Let r be 1*(-2)/(-2) + 2. Suppose -c + 24 = r*c. What are the prime factors of c?
2, 3
What are the prime factors of 453/4 + (1/4)/(-1)?
113
Let x = -10 - -15. Suppose 0 = b + x*r + 22, -5*r - 3 = 5*b + 7. List the prime factors of b.
3
Let b = -11 - -26. List the prime factors of b.
3, 5
Suppose 0 = -3*k + 2*k + 14. Suppose 3*i + k = 4*i. Suppose 2*r = -4 + i. What are the prime factors of r?
5
Suppose 0 = 2*d - 4, 0 = o - 4*d - 40 + 9. List the prime factors of o.
3, 13
List the prime factors of ((-32)/(-4))/(-16) + 586/4.
2, 73
Let c(s) = -2*s + 5. Let z(n) = n. Let b(r) = -5*r. Let w(h) = -b(h) - 4*z(h). Let p be w(-6). List the prime factors of c(p).
17
Let z = -49 + 114. What are the prime factors of z?
5, 13
Suppose 4*g - 386 = -2*t, 2 = -g + 2*t + 96. Suppose 3*o = -o - g. List the prime factors of o/(1 + (-5)/2).
2
Let l = -4 - -6. Suppose -h = -l*r - 14 + 40, 3*h = 2*r - 34. Let s = -3 + r. What are the prime factors of s?
2
What are the prime factors of (-10)/(-15)*9*36?
2, 3
Suppose -2*m + 6 = -0*m. Let r(z) = -z**3 + 4*z**2 - z - 1. List the prime factors of r(m).
5
Let r(x) be the first derivative of x**5/60 + x**4/12 - x**3/2 - 3*x**2/2 - 2. Let a(u) be the second derivative of r(u). What are the prime factors of a(-5)?
2, 3
Let v be 0/((-4 - 0)/2). Let d(j) = -j + 4. What are the prime factors of d(v)?
2
Let t = 0 + 2. Suppose -t*f - k + 6 = -f, -5*f + 2*k = -9. Let p(i) = 2*i**2 - 4*i + 4. What are the prime factors of p(f)?
2, 5
Let s(h) = -h**2 - 4. Suppose l - k = k + 4, -3*l + 4*k + 8 = 0. Let x be s(l). What are the prime factors of 72/10 + x/20?
7
Let l(i) be the second derivative of -i**3/6 + 15*i**2/2 - 4*i. Let s be l(0). Suppose -3*x + 6*x = s. List the prime factors of x.
5
Let a be (-1)/(-2) + 2/(-4). Suppose -h - 2*o + 3*o - 4 = a, 0 = -3*h - 5*o + 12. List the prime factors of (-26)/(-6) - h/(-3).
2
Let d be ((-10)/(-10))/((-1)/(-3)). Let w(c) = -c + 4. Let s be w(0). Suppose -d*u = m, 3 = -m - s*u + 1. List the prime factors of m.
2, 3
Let k(b) = -5*b**3 + 4*b**2 - 4. Let g(o) = -6*o**3 + 3*o**2 - 3. Let d(v) = 4*g(v) - 5*k(v). What are the prime factors of d(8)?
2
Suppose s = -b + 48 + 100, 0 = -2*b + 8. List the prime factors of s.
2, 3
Let u = -4 - -4. Suppose u = -2*x - w + 88 + 1, -2*w - 151 = -3*x. Suppose p = -4*c - 17, -2*p + 5*c - 16 = -x. What are the prime factors of p?
3
Let r = 28 - 24. Suppose -2*c = -2*v + 8, -2*v + 2 = -r*c - 0. What are the prime factors of v?
7
Suppose -7*n = -763 - 336. List the prime factors of n.
157
Let r(y) = -y**3 + 2*y**2 + y + 3. What are the prime factors of r(2)?
5
Let g(i) = -2*i**3 + 5*i**2 + 4*i - 4. Let y be g(7). What are the prime factors of 1/(y/105 - -4)?
5, 7
Let f = 0 - 1. Let g(l) = -24*l**3 + l**2. Let r be g(f). Suppose 2*a + 7*p - 